d = -28 + 68. Let l be d - (4 - (-1 - -5)). Let p = -19 + l. What is the highest common factor of 147 and p?
21
Suppose 3*c = -4*k + 2*k + 1817, 0 = -3*k - 5*c + 2725. Suppose -11*r = -8*r - g - 43, 0 = -4*r + g + 56. What is the greatest common factor of k and r?
13
Let t = 23 + -10. Let l(o) = -t + 0 + 8*o + 0. Let j be l(5). What is the highest common divisor of j and 18?
9
Suppose 5*y - 20*k = -22*k - 525, -k = 3*y + 315. Let o be (-12)/5*y/6. What is the highest common divisor of 861 and o?
21
Let u(i) = -i**2 - 5*i + 157. Let o be u(9). Suppose -l = -2*a - 100 - 49, 5*a - 325 = -2*l. What is the highest common factor of l and o?
31
Let z be -4*(-14)/56*2*2. Let b be 27 - (z - (-6 + 13)). What is the highest common factor of b and 60?
30
Suppose -3*g = -6*g - 981. Let c = g + 369. What is the highest common divisor of c and 84?
42
Suppose -2*p + 3*h + 168 = 4*h, 3*h = p - 70. Suppose 3*o - 71 - p = 0. What is the highest common divisor of o and 3?
3
Suppose 6*d - 25 - 11 = -12. Let f(a) be the second derivative of 13*a**3/6 + 11*a**2/2 + a. Let g be f(d). What is the greatest common factor of g and 18?
9
Let m(h) = -17*h - 44. Let v be m(-10). Let x = 201 - v. What is the highest common divisor of 275 and x?
25
Let v = 3857 + -3779. What is the greatest common factor of v and 2158?
26
Let p be ((-3)/30)/((-111)/4070)*9/1. What is the greatest common factor of p and 231?
33
Suppose -4*n - r + 2*r - 5 = 0, 5*n = 4*r - 20. Let z be (7 - 5) + n/(2 + -1). Suppose -z = 4*o - 10. What is the greatest common factor of o and 1?
1
Let p = -13944 - -13954. Calculate the highest common divisor of 2195 and p.
5
Let z be (78 + 102)*(-18)/(-16)*(-10)/(-3). Calculate the greatest common divisor of z and 13725.
225
Let s = 296 - 144. Suppose -3*y = -5*f - 689, 2*y - f = 130 + 327. Calculate the highest common divisor of y and s.
76
Suppose 4*d + 4*c + 8 = 0, -3 + 15 = 4*d - c. Let q = -3732 + 2224. Let p be 11/(-7) + d - q/91. Calculate the highest common factor of p and 187.
17
Let t be -5*(-17 - -2)*(27 + 2528/(-96)). Let z be (0/(-1) - -100) + 0. What is the highest common divisor of t and z?
50
Let d(v) = -37*v - 32. Suppose 2*q = 5*x - 15, 3*q + 5*x = -2*q - 20. Let b be d(q). What is the highest common factor of b and 45?
9
Let w(y) = y**3 + 9*y**2 - 22*y. Suppose 2*k = k - 11. Let f be w(k). Suppose 14*q - 18*q + 28 = f. Calculate the greatest common factor of 63 and q.
7
Let i = 99 + -99. Suppose i = 39*g - 41*g - 52. Let m = g - -86. What is the greatest common divisor of m and 36?
12
Let c(i) = 86*i + 1168. Let z be c(8). What is the highest common divisor of z and 58?
58
Let u be 621993/48 - 333/1776. What is the greatest common divisor of 31 and u?
31
Let l(c) = 3*c**2 - 3. Let v be l(-1). Suppose -24*b - 221 + 2045 = v. What is the highest common divisor of b and 190?
38
Suppose 7*h + 13 = 34. Suppose -3*f + 491 = -5*j, 4*j - 57 + 725 = 4*f. Suppose s = -h*s + f. Calculate the highest common divisor of 86 and s.
43
Let p be (-176230)/(-55) + (-4)/22. What is the greatest common divisor of p and 89?
89
Let v = -5 - -11. Let s = 29 + -23. Calculate the greatest common divisor of s and v.
6
Let j(g) = 8*g**2 - 5*g + 2. Suppose -12 = -20*y + 8. Let m be j(y). Suppose a - 2 = -a - 4*r, 4*r = 0. Calculate the greatest common divisor of m and a.
1
Suppose k = 7, l + 4449*k - 392 = 4452*k. Calculate the greatest common divisor of 3068 and l.
59
Let z be (38/(-6) - -3)*(-1188)/24. What is the greatest common divisor of z and 1760?
55
Let q(u) = -4*u**2 - 282*u + 542. Let h be q(-71). What is the greatest common factor of h and 2900?
100
Let d be -2*(-1)/(-2)*-5. Let b = -137 + 140. Suppose 0*s - b*s + f = -116, 2*s - f = 76. What is the highest common factor of d and s?
5
Let q = 7530 - 7404. What is the greatest common divisor of 2583 and q?
63
Let g = 24831 - 7049. Calculate the greatest common divisor of 34 and g.
34
Let k = 386 - 322. Let s be ((-4)/16 - 6/40)*-20. Calculate the greatest common factor of s and k.
8
Let i = 40255 - 11216. Calculate the highest common factor of i and 71.
71
Let l be 1/((-140)/(-136) - 1) + 2. Calculate the highest common factor of l and 948.
12
Let s be (2224/(-40))/((-2)/5). Suppose -2*k = -5*k + 228. Let b = s - k. What is the highest common divisor of b and 7?
7
Let t(s) = -s**2 - 31*s. Let w be t(-28). Let i be 1/(-3) + 129500/420. Calculate the highest common factor of w and i.
28
Let j be 18/(-3) + (-256)/(-8). Suppose -3*m - j = -5*y, -y + 16 = 2*y - 2*m. Calculate the highest common divisor of y and 460.
4
Let x = -5376 - -6042. What is the highest common divisor of 1476 and x?
18
Suppose -218*q - 2*n - 608 = -223*q, -4*n = 3*q - 396. Calculate the highest common factor of 2108 and q.
124
Suppose 3*z - 18*s = -19*s + 28215, 3*s = 4*z - 37659. What is the highest common divisor of z and 384?
192
Suppose 5*a - 22 = -v + 27, a - 5 = 0. Calculate the greatest common divisor of 1784 and v.
8
Let x(s) = 162 - 71 + s**2 + 63 - 16 + 26*s. Let c be x(-21). Calculate the highest common divisor of c and 143.
11
Let m = 230 + -160. Let n(i) = 27*i**3 - 64*i**2 + 36*i + 29. Let s be n(1). What is the greatest common divisor of m and s?
14
Let x be (-9*1/2)/((-12)/16). Suppose -4*w + 2 = -x*w - 2*a, 7 = 5*w - a. Suppose 0 = 2*g + 1 - 5. What is the highest common factor of g and w?
1
Let s = -5 - -8. Let x(y) = -y + 7. Let m be x(s). Suppose r + p = 34, m*r - 2*p = -p + 141. Calculate the highest common divisor of r and 14.
7
Let a(d) = d**3 - 27*d**2 - 116*d - 198. Let f be a(31). Calculate the greatest common divisor of f and 4325.
25
Let d = 144 - 135. Suppose 0 = 2*s - 4*n - 14, -s + n + 3*n = -d. What is the highest common factor of s and 65?
5
Let u be (-6)/(-4)*40/60*(30 + 1). Calculate the highest common factor of 3937 and u.
31
Suppose -4*h + 5*t = -1049, 0 = -16*h + 19*h - 5*t - 793. Let g = 9 - 133. Let z = g + h. Calculate the greatest common factor of 12 and z.
12
Suppose -602*x - 7650 = -617*x. What is the highest common factor of x and 14450?
170
Suppose -20*g + 66 = -34. Suppose -3*p + 304 = g*l, 229 + 73 = 5*l + 4*p. Calculate the greatest common factor of 496 and l.
62
Let x = 1412 - 717. What is the greatest common divisor of x and 139?
139
Let l be 3/(-4 - (-127477)/31864). Calculate the highest common divisor of l and 8.
8
Let h be 4/(((-4)/(-16))/(3/24)). Let r be 0 + h/4 - (-7896)/48. Let w = r + -99. What is the greatest common factor of 99 and w?
33
Suppose 611*o = 712*o - 326634. Calculate the greatest common divisor of o and 66.
66
Let l(q) = 2*q**2 - 10*q. Suppose 0 = 2*o + 4*o - 30. Let b be l(o). Suppose b = 7*n - 125 - 190. What is the highest common divisor of 5 and n?
5
Let h(y) = 9*y**2 - 1133*y + 303. Let w be h(126). Calculate the greatest common factor of 66 and w.
33
Let n be (-75)/(-2)*634/317. Calculate the highest common divisor of 645 and n.
15
Let k be -6 + 5 + 67 + 2. Let b be ((-95)/(-10) + -9)/(2/k). Let i be (1 - -16)/(4/8). What is the highest common divisor of i and b?
17
Suppose -4*r + 248 = 4*z, -3*z - 213 = -219. What is the greatest common divisor of 108 and r?
12
Let h be (-2 + 120/55)*55. Let i = -19 + 20. Let v be ((-8)/28)/(i/(-14)). What is the greatest common divisor of h and v?
2
Let n(x) = x**3 + 10*x**2 - 128*x - 23. Let t be n(9). What is the greatest common factor of 520 and t?
52
Suppose 9*b - 47 = 2*y + 1971, 3*y = -3. Calculate the highest common divisor of b and 756.
28
Let b(m) = m**3 + 9*m**2 + 2*m + 1. Let w be b(-9). Let u(h) = 15*h + 32. Let f be u(w). Let x = -67 - f. Calculate the greatest common divisor of 39 and x.
39
Suppose 2*o - 50 = -4*p, -4*p - 47 = 4*o - 147. Suppose 2*f - 24 = 2*b, -770*f + 3*b + 24 = -773*f. Calculate the greatest common divisor of o and f.
1
Let n(t) = -78*t - 77. Let r be n(9). Let w = r + 823. Calculate the highest common divisor of w and 407.
11
Suppose -35*h - 784 = -94*h + 31*h. Calculate the highest common divisor of 26936 and h.
28
Suppose -2*b = 2*w - 108, 0 = -6*w + 10*w + 3*b - 215. Calculate the highest common divisor of 2279 and w.
53
Let v = 192 + -188. Let t(s) = -s**3 + 7*s**2 - 11*s + 2. Let h be t(v). Calculate the highest common factor of 114 and h.
6
Let z = 72 + -70. Let m be 2 + z - 1*52. Let k 